*g. Calculate s(g).
-9
Let d be 1 + -1 - (-1 + 1). Let n = 72 - 42. Let u(b) = -4*b**3 - 30*b**2 + 6 + n*b**2 + 5*b**3. Determine u(d).
6
Let c(a) = a**3 + 2*a**2 + 2*a + 2. Let g(h) = 2*h + 22. Let m be g(-12). Determine c(m).
-2
Let i(f) be the first derivative of -5 + f**3 + 0*f + f**2 + 1/4*f**4. Calculate i(-3).
-6
Let m(f) = 5*f + 6. Let w(c) = -26*c - 31. Let g(j) = 11*m(j) + 2*w(j). Let d(b) = 2 + 3 + 7*b - 3*b. Let t(l) = 4*d(l) - 5*g(l). What is t(-2)?
-2
Let n be 1/3 - (-42)/9. Suppose n*i = -0*i + 15. Let b(c) = -c**2 - 3*c - 5 - 7*c + i*c. What is b(-5)?
5
Let m(w) be the first derivative of w**2/2 - 4*w - 1. Let t(b) = -b + 1. Let h(y) = -m(y) - 6*t(y). What is h(2)?
8
Suppose 8 + 12 = 4*u. Let i(v) = -2*v - 5 - v**2 + 4 + u*v**2. Determine i(-1).
5
Let t(a) = 5*a**3 - a + 1. Suppose 8 = 2*i + 2*i. Suppose 2*k - 8 = -i*r, -6*k - 4 = -k - r. Suppose k = 2*d + 5*j + 23, 5*d - 2*j - 22 = -7. Determine t(d).
5
Suppose -3*u + y = -y + 48, -y - 3 = 0. Let j be (-14)/(-63) - 86/u. Let i(a) = 2*a - 4. Calculate i(j).
6
Suppose n - p + 5 = 1, -n = -4*p + 7. Let i(o) = o**2 + o - 1. Calculate i(n).
5
Let m(x) = 3. Suppose 5*l + 1 = 11. Let c(k) = k + 1. Let z(h) = l*c(h) - m(h). Determine z(1).
1
Let x(d) = -2*d - 1 + 0 + 5*d**2 - 2*d**2. Let h = 18 + -11. Suppose 2 = 5*o + h. What is x(o)?
4
Let b be 3/((-3)/1)*14. Let s = 13 + b. Let u(o) = 4*o**2 + 2*o + 1. Determine u(s).
3
Let u(d) = -3*d**2 - 2. Suppose 0 = -m - 5*l + 2, -3*m = l - 3 - 3. What is u(m)?
-14
Suppose 3*z + 2 = z. Let b be z*-1*(2 + 0). Let d(r) = r**b + 0*r**2 - 5*r**3 + r**2 - 1. Determine d(-1).
6
Let t(v) = -2*v - 10*v + v**2 - 5*v**2 + 15*v + 5. Let r = 3 + -2. Let n(q) = -q**2 + 1. Let d(w) = r*t(w) - 5*n(w). Calculate d(-5).
10
Let r(l) be the second derivative of l**4/12 + 2*l**3/3 - 3*l**2 - 4*l - 4. What is r(-6)?
6
Suppose t = 6*t + 4*f + 42, -2*t - 3*f - 21 = 0. Let l = t + 3. Let n(c) = -c - 2. Give n(l).
1
Let a(s) = 2*s**3 - 5*s**2 + 7 + 0*s**3 - s**3 - 2*s. Let y(c) = 2*c - 4. Let j be y(5). Suppose -3*q + j*q = 15. What is a(q)?
-3
Let w(s) be the second derivative of -s**5/20 + 5*s**4/12 + 7*s**3/6 + 2*s**2 - 2*s. What is w(6)?
10
Let p(w) be the first derivative of 2*w**3/3 - 3*w**2 + 6*w + 9. What is p(4)?
14
Let r(g) = 7*g**2 - g. Let z be 1 + (-7)/(7/2). Determine r(z).
8
Let d(c) = 17*c - 1. Let m(y) = -9*y + 12*y + y**2 - 19 + 14*y. Let s be m(-18). Calculate d(s).
-18
Let r(y) = y**2 + 2. Let t be (-87)/232 - 26/16. What is r(t)?
6
Suppose a - 2 = -6. Let j(l) = 5*l**2 + l - 2. Let v(k) = -k**2 + k + 1. Let o(c) = a*v(c) - j(c). Let r = -7 - -3. Determine o(r).
2
Let n(a) = -4*a + 7. Let g = -85 - -91. Give n(g).
-17
Let t(q) = -2 - q**3 - 3*q**2 + 4 + 3*q**2 + 7*q**2. Give t(7).
2
Let y = 82 + -90. Let k(n) = -n - 6. Determine k(y).
2
Let u(d) be the third derivative of d**5/20 - d**2. Let w(t) = 4*t**2 + t - 1. Let n be w(1). Suppose 10 + 5 = -3*x + 4*v, 17 = -5*x + n*v. Give u(x).
3
Let b(h) be the third derivative of h**5/12 - h**4/24 - h**3/3 + 10*h**2. What is b(-2)?
20
Let m(w) = -w**2 - 9*w - 5. Let q be m(-8). Suppose -3*n + 4*c - q = -23, 5*c = -n - 25. Let p(i) = 0 + 4 + i**3 + 0 + n*i**3 - i**2. What is p(0)?
4
Let k(f) be the second derivative of -f**4/6 + f**3/3 - f**2/2 + f. Let v be 2 - ((-2)/1 + 1). Suppose 4*w - 3 = v*w - 2*j, -5*w + 9 = 4*j. Calculate k(w).
-1
Let p(x) be the second derivative of -x**4/12 + 7*x**3/6 - 5*x**2/2 - 11*x. What is p(6)?
1
Let t be 42/(-48) + (-2)/16. Let x(b) = 3*b - 1. Determine x(t).
-4
Let n(m) be the second derivative of m**4/12 + m**3/2 + 2*m**2 - 9*m. Suppose -4*j = -39 - 1. Suppose 2*u - 4*f = -j, 3*f + 3 = 6. Give n(u).
4
Let q(j) = -j**2 - 9*j - 7. Let p be q(-2). Let s(n) = n**3 - 6*n**2 - 8*n - 6. Determine s(p).
-13
Let y = 1 + 1. Let w = 1 - -1. Let p(u) = -3*u**w - 2 + u**2 + u**y - 2*u. What is p(-2)?
-2
Suppose 0*i - 4*i + 42 = -5*m, 3*m - i + 21 = 0. Let t(d) = d + 2. What is t(m)?
-4
Let b(x) be the second derivative of -x**4/12 - x**3/6 - x**2/2 + x. Let n = 1 + 5. Suppose n*i - 3*i = 0. Determine b(i).
-1
Let u(g) be the second derivative of -g**3/6 - 3*g**2/2 - 7*g. Calculate u(-5).
2
Let z(l) be the third derivative of l**7/504 + l**5/120 - l**4/24 + 2*l**2. Let p(b) be the second derivative of z(b). Calculate p(1).
6
Let v be 1/3 + (-6)/(-9). Let n(r) = r - 1. Let f(p) = -p**2 + 8*p - 8. Let j(x) = v*f(x) - 4*n(x). Calculate j(4).
-4
Suppose -4*v - 15 = -9*v. Suppose 3*c = -v - 3. Let r(q) = 5*q + 3. What is r(c)?
-7
Let r(k) = 9*k**2 + 11*k + 3. Let f(i) = -5*i**2 - 2*i + 2. Let x(v) = 5*v**2 + v - 3. Let q(s) = -5*f(s) - 4*x(s). Let y(c) = -11*q(c) + 6*r(c). Give y(0).
-4
Let w be -2 - (-4)/((-2)/1). Let k(x) = -x - 8. Let u(q) = -q - 9. Let p(h) = 6*k(h) - 5*u(h). Calculate p(w).
1
Suppose 7 - 1 = i + n, 0 = i - 3*n + 2. Suppose -2*v = -3*p + p - 10, 5*v - 21 = i*p. Let r(l) = l**2 + 2*l - 2. Calculate r(p).
6
Let q(j) = 10*j**2 - j - 5*j**2 - 6*j**2 + 10*j**2. Give q(1).
8
Let s be (-28)/(-7)*2/2. Let d be (0/3)/(-2 + s). Let r(u) = -u**3 + 9. Determine r(d).
9
Let v(h) = h - 1. Let q(c) = -c**3 + 6*c**2 - 4*c + 4. Let b be q(5). Suppose b + 1 = -5*f. What is v(f)?
-3
Let r(d) be the third derivative of d**8/20160 + d**7/1008 - d**6/360 - d**5/30 + 2*d**2. Let j(c) be the third derivative of r(c). Determine j(-4).
-6
Let f(s) be the second derivative of s**4/12 - 7*s**3/6 - s**2/2 - 15*s. What is f(8)?
7
Suppose -3*w - 2*z = 16, -2*w - 2*w + 4*z - 28 = 0. Let f = w - -5. Let i(a) be the second derivative of a**4/4 - a**3/6 - a**2/2 + 2*a. Calculate i(f).
3
Let x(z) = 4*z**2 - 2*z + 1. Let f be x(1). Suppose 5*m + 26 = 2*s, s = f*m - 8 + 24. Let y(d) = d**3 + 7*d**2 + 6*d + 3. Determine y(m).
3
Let n(a) = a**3 + 2*a**2 - 3*a + 1. Let w(h) = 4*h**2 + h. Let o be w(1). Let g(k) = -k**3 + 6*k**2 - 6*k + 2. Let i be g(o). Calculate n(i).
1
Let j(n) = -4*n + 3*n**2 - 3 - 4*n**2 + 1. Let d be 3*-1*(-16)/(-12). Determine j(d).
-2
Let l be 1*0/1*1. Let y(m) = 7*m + 0*m + l + 7 + 0*m + m**2. Calculate y(-5).
-3
Let u(w) be the second derivative of w**5/20 + w**4/4 - w**3/2 - 5*w**2/2 - 2*w + 3. Determine u(-4).
-9
Let n(l) be the third derivative of l**6/144 - l**5/120 - 3*l**4/8 - 8*l**2. Let z(s) be the second derivative of n(s). What is z(-2)?
-11
Let m = 5 + -12. Let a = -11 - m. Let n be -1*5*(-4)/a. Let z(i) = -i**2 - 6*i - 1. Determine z(n).
4
Let n(y) = y**3 + y + 1. Let a(b) = -b**3 - 3*b**2 - 7*b - 3. Let s(t) = a(t) + 2*n(t). What is s(4)?
-5
Let d(q) = -2*q**3 - 4*q**2 - 3*q - 2. Let x be d(-2). Suppose x*b = 3*b - 2. Let g(t) = -t**2 - 1. Calculate g(b).
-5
Let n(r) = r**2 - 6*r - 9. Suppose 6*c = 65 - 17. Give n(c).
7
Let r(p) = -p + 2. Let d be r(-2). Suppose -5*o - 2*k + 18 = 0, -d*o + 12 = k + 3*k. Let u(m) = -1 - m + 2 + 4. Calculate u(o).
1
Let p(w) = w**2 - 2. Suppose -2*i = -i - 3. Suppose -i*b + 42 = 12. Let g be ((-4)/b)/((-4)/20). Calculate p(g).
2
Let d(y) = -y**3 + 7*y**2 + 7*y + 10. Let n(h) = 8*h**2 - h + 1. Let c be n(1). Let b be d(c). Let f(j) = j**2 + 0*j**b + 5 + 0*j**2. Give f(0).
5
Let z(o) = o**2 + o + 13. Suppose 0 = 4*v - 4*c + 32, -v - v + 4*c = 10. Let g(j) = 5*j**2 + 6*j + 65. Let r(a) = v*z(a) + 2*g(a). Calculate r(0).
-13
Suppose 3*j + 15 = -0. Let b be -6*((-2)/(-3) + -1). Let f(v) = 8*v - 3*v + v**b + 1 + 1. Calculate f(j).
2
Let w = -6 + 11. Suppose 0 = 2*y + 5*p + 4 + 4, w*p = 0. Let g(m) = -m**3 + m**2. Let o(k) = -3*k**3 - 2*k**2 - k + 4. Let v(i) = 2*g(i) - o(i). Give v(y).
-8
Let i(l) = 2*l**2 + 2*l - 3. Let o(x) = -2*x**2 - 3*x + 4. Let z(c) = 4*i(c) + 3*o(c). What is z(1)?
1
Let m = -177 - -178. Let w(f) = 11*f**3 + f**2 - 1. Give w(m).
11
Let b(r) be the third derivative of -r**6/720 - r**5/40 + r**4/3 + 7*r**2. Let o(l) be the second derivative of b(l). What is o(-6)?
3
Suppose 0*g = 4*g + 12. Let b(y) be the second derivative of 4*y - 1/2*y**2 + 1/3*y**3 + 0. Determine b(g).
-7
Let k(z) = z - 2. Suppose 20*s + 2 = 19*s. Determine k(s).
-4
Let l = 10 - 6. Let q(f) be the first derivative of f**2 - 2*f - 54. Give q(l).
6
Let g = -8 + 4. Let k = -4 - -7. Let y(i) = i**3 - 9 - 6*i + 4*i**2 + k + 4*i + 0*i. Calculate y(g).
2
Let d(o) = 6*o**2 + 1. Suppose 14 = -2*p + 4*k, 5*p - 3*k = -7 - 0. Give d(p).
7
Let l(v) = -v - 2. Let 